ide 17028?
False
Does 28 divide 140?
True
Is 44352 a multiple of 11?
True
Is 175 a factor of 16100?
True
Does 25 divide 90375?
True
Is 407 a multiple of 2?
False
Is 23 a factor of 12266?
False
Does 31 divide 1579?
False
Is 7 a factor of 616?
True
Does 77 divide 5698?
True
Does 15 divide 762?
False
Does 54 divide 20032?
False
Does 19 divide 4112?
False
Is 30 a factor of 3330?
True
Does 8 divide 248?
True
Is 51 a factor of 459?
True
Is 23 a factor of 86?
False
Is 35 a factor of 26565?
True
Does 42 divide 35574?
True
Is 38 a factor of 3567?
False
Does 133 divide 23009?
True
Does 11 divide 5806?
False
Is 13 a factor of 286?
True
Is 5120 a multiple of 80?
True
Is 3069 a multiple of 67?
False
Does 17 divide 1887?
True
Is 2889 even?
False
Does 45 divide 11493?
False
Does 17 divide 5789?
False
Is 2 a factor of 146?
True
Is 2 a factor of 1631?
False
Is 10 a factor of 207?
False
Is 2664 a multiple of 24?
True
Is 504 a multiple of 14?
True
Is 13 a factor of 31590?
True
Does 5 divide 120?
True
Is 4 a factor of 100?
True
Is 6 a factor of 5327?
False
Does 27 divide 17388?
True
Does 31 divide 680?
False
Is 12 a factor of 14716?
False
Does 15 divide 2400?
True
Is 55 a factor of 660?
True
Is 1634 a multiple of 3?
False
Does 9 divide 4281?
False
Is 18 a factor of 1473?
False
Is 6 a factor of 71130?
True
Does 94 divide 1786?
True
Is 46 a multiple of 23?
True
Is 16 a factor of 9072?
True
Does 103 divide 4656?
False
Is 765 a multiple of 77?
False
Does 244 divide 26065?
False
Is 1095 a multiple of 84?
False
Is 4484 a multiple of 59?
True
Is 291 a factor of 19788?
True
Is 114 a factor of 3965?
False
Is 78 a multiple of 6?
True
Does 32 divide 15392?
True
Is 7593 a multiple of 31?
False
Is 7 a factor of 4487?
True
Does 17 divide 11696?
True
Is 12 a factor of 6749?
False
Is 15 a factor of 1635?
True
Does 6 divide 2746?
False
Is 20 a factor of 4000?
True
Is 22 a multiple of 2?
True
Is 12 a factor of 1128?
True
Is 10 a factor of 1360?
True
Is 2277 a multiple of 17?
False
Is 2782 a multiple of 33?
False
Does 67 divide 1635?
False
Does 27 divide 972?
True
Does 2 divide 894?
True
Is 420 a multiple of 12?
True
Is 80 a factor of 2406?
False
Is 1180 a multiple of 20?
True
Is 75 a factor of 9375?
True
Is 3744 a multiple of 3?
True
Does 31 divide 104?
False
Does 44 divide 2799?
False
Is 9936 a multiple of 46?
True
Does 15 divide 1172?
False
Is 15 a factor of 30030?
True
Is 98 a factor of 6368?
False
Does 26 divide 624?
True
Is 10742 a multiple of 56?
False
Is 4 a factor of 38?
False
Does 2 divide 12553?
False
Is 312 a multiple of 39?
True
Does 16 divide 1664?
True
Is 6 a factor of 1104?
True
Is 25 a factor of 11100?
True
Is 28 a factor of 112?
True
Does 66 divide 792?
True
Is 56 a factor of 1088?
False
Does 3 divide 94?
False
Does 3 divide 157?
False
Is 61 a factor of 8629?
False
Does 30 divide 27360?
True
Does 42 divide 10341?
False
Is 179 a factor of 5012?
True
Does 57 divide 1083?
True
Does 17 divide 463?
False
Does 7 divide 1470?
True
Is 25 a factor of 16025?
True
Does 18 divide 9126?
True
Is 428 a multiple of 2?
True
Does 13 divide 2815?
False
Is 12 a factor of 96?
True
Does 111 divide 1998?
True
Is 7844 a multiple of 9?
False
Is 503 a multiple of 5?
False
Is 9 a factor of 620?
False
Is 23 a factor of 4038?
False
Is 60 a factor of 57913?
False
Is 11680 a multiple of 5?
True
Is 10604 a multiple of 44?
True
Does 8 divide 304?
True
Is 10 a factor of 23622?
False
Is 151 a factor of 35636?
True
Is 9 a factor of 1489?
False
Is 114 a multiple of 14?
False
Is 5 a factor of 5530?
True
Is 5 a factor of 408?
False
Does 80 divide 2400?
True
Is 13 a factor of 585?
True
Is 6336 a multiple of 6?
True
Is 756 a multiple of 84?
True
Is 14 a factor of 224?
True
Does 98 divide 1666?
True
Is 21 a factor of 63582?
False
Is 10580 a multiple of 115?
True
Does 5 divide 1301?
False
Does 9 divide 89?
False
Is 156 a factor of 16692?
True
Is 165 a factor of 26978?
False
Does 9 divide 9477?
True
Is 1500 a multiple of 250?
True
Is 216 a factor of 88560?
True
Does 25 divide 9700?
True
Is 1792 a multiple of 14?
True
Does 75 divide 5647?
False
Is 20 a factor of 16200?
True
Is 79 a factor of 6667?
False
Does 10 divide 2040?
True
Is 432 a multiple of 27?
True
Is 49023 a multiple of 117?
True
Does 29 divide 4785?
True
Is 8 a factor of 232?
True
Is 168 a multiple of 21?
True
Is 7512 a multiple of 53?
False
Is 42 a factor of 11209?
False
Does 181 divide 2346?
False
Is 621 a multiple of 9?
True
Is 3949 a multiple of 20?
False
Does 24 divide 840?
True
Does 160 divide 8352?
False
Is 14 a factor of 2002?
True
Is 114 a multiple of 6?
True
Does 17 divide 4794?
True
Is 98 a factor of 4222?
False
Is 5582 a multiple of 52?
False
Is 23 a factor of 8432?
False
Does 52 divide 12898?
False
Is 5 a factor of 6424?
False
Does 49 divide 47099?
False
Does 71 divide 2698?
True
Does 71 divide 1349?
True
Is 3816 a multiple of 24?
True
Does 52 divide 30680?
True
Is 15 a factor of 1545?
True
Does 12 divide 432?
True
Does 4 divide 1284?
True
Is 18 a factor of 594?
True
Is 1404 a multiple of 4?
True
Is 5 a factor of 375?
True
Is 34476 a multiple of 102?
True
Is 84 a factor of 5073?
False
Is 136 a multiple of 13?
False
Is 19760 a multiple of 13?
True
Does 21 divide 5951?
False
Is 18273 a multiple of 7?
False
Is 2 a factor of 2658?
True
Does 73 divide 53071?
True
Is 5 a factor of 3905?
True
Does 3 divide 189?
True
Is 9 a factor of 220?
False
Is 42 a factor of 609?
False
Is 20828 a multiple of 94?
False
Is 420 a multiple of 12?
True
Is 4 a factor of 9362?
False
Does 31 divide 5797?
True
Does 12 divide 492?
True
Does 7 divide 16?
False
Is 435 a multiple of 5?
True
Does 56 divide 2352?
True
Is 5106 a multiple of 33?
False
Does 69 divide 1104?
True
Is 56 a multiple of 3?
False
Is 5790 a multiple of 36?
False
Does 18 divide 238?
False
Is 7 a factor of 561?
False
Does 21 divide 333?
False
Is 999 a multiple of 37?
True
Does 8 divide 30832?
True
Is 15 a factor of 133?
False
Does 15 divide 6060?
True
Is 289 a multiple of 2?
False
Is 193 a multiple of 3?
False
Is 40 a factor of 1446?
False
Is 4770 a multiple of 75?
False
Is 24852 a multiple of 57?
True
Is 39 a factor of 1209?
True
Is 11 a factor of 7997?
True
Is 25 a factor of 1825?
True
Does 248 divide 17705?
False
Is 20 a factor of 260?
True
Is 11107 a multiple of 30?
False
Is 3 a factor of 1062?
True
Does 5 divide 10646?
False
Is 1071 a multiple of 63?
True
Is 141 a factor of 3341?
False
Is 91 a factor of 637?
True
Is 32 a factor of 14784?
True
Does 25 divide 2451?
False
Is 5 a factor of 90?
True
Is 16 a factor of 18144?
True
Does 2 divide 71?
False
Is 2264 a multiple of 24?
False
Is 9666 a multiple of 3?
True
Does 9 divide 338?
False
Is 13 a factor of 1000?
False
Is 695 a multiple of 44?
False
Does 142 divide 19288?
False
Is 480 a multiple of 8?
True
Does 67 divide 13556?
False
Is 5846 a multiple of 158?
True
Does 12 divide 840?
True
Is 22 a factor of 110?
True
Does 71 divide 77?
False
Is 123 a factor of 14145?
True
Is 2712 a multiple of 6?
True
Does 6 divide 4077?
False
Does 20 divide 7591?
False
Is 17150 a multiple of 25?
True
Is 336 a multiple of 13?
False
Is 17 a factor of 92?
False
Is 34 a factor of 235?
False
Does 7 divide 816?
False
Does 10 divide 970?
True
Does 8 divide 35697?
False
Is 30941 a multiple of 22?
False
Is 15 a factor of 9141?
False
Is 7 a factor of 615?
False
Is 4 a factor of 1461?
False
Does 3 divide 74?
False
Is 19180 a multiple of 28?
True
Is 25 a factor of 26675?
True
Is 3566 a multiple of 3?
False
Is 14 a factor of 29755?
False
Does 8 divide 16240?
True
Does 3 divide 263?
False
Does 27 divide 11118?
False
Is 22 a factor of 3674?
True
Does 17 divide 47396?
True
Is 16758 a multiple of 68?
False
Is 7 a factor of 6489?
True
Is 17 a factor of 19278?
True
Is 3 a factor of 87?
True
Is 3 a factor of 247?
False
Is 5 a factor of 400?
True
Is 1797 a multiple of 14?
False
Does 11 divide 703?
False
Is 23 a multiple of 3?
False
Does 166 divide 49302?
True
Is 16 a factor of 249?
False
Is 151816 a multiple of 488?
False
Does 8 divide 27?
False
Is 14324 a multiple of 74?
False
Is 128 a multiple of 46?
False
Is 38 a factor of 803?
False
Is 439 a multiple of 23?
False
Is 168 a factor of 56616?
True
Is 2 a factor of 119?
False
Is 2307 a multiple of 10?
False
Is 85 a multiple of 5?
Tr